001010
In base 9, what is 1 - -43831777?
43831778
In base 13, what is 123077 - 22?
123055
In base 3, what is -120222 - 21002020?
-21200012
In base 10, what is -64900 - 584?
-65484
In base 12, what is 3 - -2545a85?
2545a88
In base 16, what is d9a - 616e?
-53d4
In base 7, what is 6035 - -1164131?
1203166
In base 3, what is 111110101022 - -122020?
111111000112
In base 2, what is 10110100000110010011101001001 + 0?
10110100000110010011101001001
In base 16, what is -315 - -9a7a2?
9a48d
In base 11, what is -1077136 + 49?
-1077098
In base 8, what is -73624435 - -2?
-73624433
In base 3, what is -22 - 102221202221120020?
-102221202221120112
In base 12, what is 7b286 + -30?
7b256
In base 16, what is -33c628c - -8?
-33c6284
In base 10, what is -1935530 - 7?
-1935537
In base 16, what is 10 + -17275c2?
-17275b2
In base 11, what is -2a8a83 + 73?
-2a8a10
In base 4, what is -201 + 30210312?
30210111
In base 2, what is 101 - -111100101000000011010?
111100101000000011111
In base 3, what is -21022001101202 - -12122?
-21022001012010
In base 5, what is 2210 - -412030401?
412033111
In base 4, what is -11 + -300321230031?
-300321230102
In base 3, what is -120122 + -10211120121?
-10212011020
In base 16, what is 25d - -7d4b1?
7d70e
In base 11, what is 141529 + 0?
141529
In base 11, what is 3376a70 - 9?
3376a62
In base 2, what is 10011010001000101 - 1010011011101?
10001111101101000
In base 12, what is 1994 - -14980?
16754
In base 10, what is 19821863 + 0?
19821863
In base 13, what is -219b + -29462?
-2b630
In base 11, what is 22a6 + 2269?
4564
In base 13, what is 1532c + 14a?
15479
In base 2, what is -101111111101000100001100 - -101?
-101111111101000100000111
In base 13, what is 2076557 - 0?
2076557
In base 5, what is 10 + 4314414432?
4314414442
In base 7, what is -6 - -251635553?
251635544
In base 15, what is -1b5b9e - 50?
-1b5bee
In base 13, what is 6c85b82 + -2?
6c85b80
In base 9, what is -6870500 + 3?
-6870486
In base 16, what is -30 - 10a15?
-10a45
In base 2, what is -1101 + -101010001010010110110?
-101010001010011000011
In base 15, what is d89bb + 16?
d89d2
In base 7, what is 35230463 + 65?
35230561
In base 12, what is -1024a2 - -448?
-102056
In base 15, what is 389ce3 - 2?
389ce1
In base 3, what is 12110122200 - -1021?
12110200221
In base 2, what is 1100 + 111011100010000000101001110?
111011100010000000101011010
In base 14, what is 0 + -3d3a840?
-3d3a840
In base 16, what is 2b8 - -94a5?
975d
In base 13, what is b84 - -c426?
102aa
In base 4, what is -2332 - -2233023212?
2233020220
In base 10, what is 1319577 + 5?
1319582
In base 6, what is 3410314 + 1013?
3411331
In base 12, what is 2 - -256564b7?
256564b9
In base 5, what is 4 + 30033420413?
30033420422
In base 15, what is -10719e1b - -2?
-10719e19
In base 8, what is -47511101 + 23?
-47511056
In base 14, what is 3c00 - 267b8?
-229b8
In base 12, what is -6b9495 - -5?
-6b9490
In base 13, what is -22764bc - -2?
-22764ba
In base 4, what is -122221221232 - -33?
-122221221133
In base 15, what is -10aa1ab + 6?
-10aa1a5
In base 14, what is -2908c01 + 2?
-2908bdd
In base 4, what is 11222112313 + -2213?
11222110100
In base 10, what is -15 + 51590?
51575
In base 8, what is 205714412 + -2?
205714410
In base 13, what is 2 - -bb8b0?
bb8b2
In base 16, what is -6149a - -cf?
-613cb
In base 11, what is 2 - 1519487?
-1519485
In base 13, what is 7 - 4b7b8?
-4b7b1
In base 15, what is 23e9 - -1bde?
40d8
In base 2, what is -110100101101111110 + 1111101110?
-110100011110010000
In base 16, what is 2b + -435b9?
-4358e
In base 10, what is -270633 - -10?
-270623
In base 11, what is -4 - -11075526?
11075522
In base 13, what is 39b789 + 7b?
39b837
In base 2, what is -1010000111111 - -10001100011?
-111111011100
In base 9, what is -63 - 56772?
-56845
In base 6, what is -5 - -410501551?
410501542
In base 11, what is -8a - -79448?
79369
In base 16, what is -10b + -20e35?
-20f40
In base 2, what is -100111001010011100011111 + -1011?
-100111001010011100101010
In base 9, what is 4155 + 8378?
13544
In base 4, what is -3 - 220230113220?
-220230113223
In base 7, what is -14633403 + -201?
-14633604
In base 5, what is -21443 - 1212311?
-1234304
In base 16, what is -278698d - 0?
-278698d
In base 5, what is 32023310020 + -3?
32023310012
In base 7, what is 212640 + 55321?
301261
In base 8, what is 3104 + 26204?
31310
In base 14, what is -134 - -4598?
4464
In base 14, what is -2b69 + 194?
-29b5
In base 13, what is 23518aa - -28?
2351905
In base 12, what is 163b162 - -59?
163b1bb
In base 12, what is 1 + -818b3b6?
-818b3b5
In base 6, what is -251103 - -20535?
-230124
In base 6, what is 332 + 150454?
151230
In base 3, what is -211012202 - -101101111?
-102211021
In base 6, what is 1 - 13025045?
-13025044
In base 15, what is 31 + 128e41?
128e72
In base 9, what is -5 + -24620?
-24625
In base 15, what is 19cb2a18 + 5?
19cb2a1d
In base 11, what is -178 - 1139266?
-1139433
In base 12, what is -b50444 + 9?
-b50437
In base 2, what is 1001101001110010110111001001 + 10?
1001101001110010110111001011
In base 2, what is -11110101000001100 + 1101101010?
-11110011010100010
In base 3, what is -2201011102002 + -21?
-2201011102100
In base 3, what is 1212211122122222112 + -1?
1212211122122222111
In base 4, what is 310311001113 - 2?
310311001111
In base 14, what is -619 - d553?
-db6c
In base 6, what is 112050 - 5433?
102213
In base 13, what is -2 + -206c110?
-206c112
In base 3, what is 10 - 12200121220020202?
-12200121220020122
In base 12, what is 16976 + -1036?
15940
In base 3, what is -11011001002000 - -10?
-11011001001220
In base 15, what is -6 + -d955b?
-d9562
In base 10, what is -645 - 15974?
-16619
In base 4, what is 330 - -3022113203?
3022120133
In base 13, what is 6a40a2 + 23c?
6a4311
In base 16, what is -d + -725a30?
-725a3d
In base 8, what is -14 - -140121506?
140121472
In base 6, what is 13 + 15142521?
15142534
In base 9, what is -1257 - 34575?
-35843
In base 9, what is -155 + 1757320?
1757154
In base 16, what is 23 + 99215?
99238
In base 7, what is -115 + 2411160?
2411042
In base 6, what is -445102 + -10124?
-455230
In base 14, what is 172 - -5ad?
741
In base 12, what is 94921 - -27?
94948
In base 12, what is -23 - 242a6b?
-242a92
In base 16, what is 1a7261 + 1e5?
1a7446
In base 9, what is -336 + -2083466?
-2083813
In base 4, what is 1102213301 + 0?
1102213301
In base 10, what is -589173 + -22?
-589195
In base 4, what is -100020030220 + -31?
-100020030311
In base 13, what is -55697 - -29?
-5566b
In base 14, what is 5a4 + 2acb?
3291
In base 16, what is e + -5930ea?
-5930dc
In base 15, what is -113ccde - 7?
-113cce6
In base 2, what is -10111101 + -1000101011101000100011?
-1000101011101011100000
In base 6, what is 240 + 20412345?
20413025
In base 15, what is -d88b1 + -5?
-d88b6
In base 12, what is 2 + -3178277?
-3178275
In base 5, what is -103402 - 114140?
-223042
In base 4, what is -200330312 - -12022?
-200312230
In base 6, what is -1321324045 + -1?
-1321324050
In base 13, what is a68c6b3 + -22?
a68c691
In base 7, what is 126324552 - -43?
126324625
In base 13, what is -1 - -1a376445?
1a376444
In base 2, what is -101 + -110001100101011000100100?
-110001100101011000101001
In base 9, what is -66413467 + 5?
-66413462
In base 8, what is 103514275 - -5?
103514302
In base 4, what is -22211 - -123202220?
123120003
In base 15, what is -5 - -15d4b8e1?
15d4b8db
In base 14, what is 379993 + -1?
379992
In base 8, what is -10175 + -1732?
-12127
In base 5, what is 4241012320 - 41?
4241012224
In base 15, what is 9647dc - 10?
9647cc
In base 15, what is -936 + -1a683?
-1b0b9
In base 8, what is -246 - 11305053?
-11305321
In base 13, what is -183 + 22798?
22615
In base 14, what is 4a45 + -2925?
2120
In base 14, what is -5148c + 40?
-5144c
In base 6, what is 4 - 422121215?
-422121211
In base 6, what is -2250431553 + 5?
-2250431544
In base 4, what is 1 - 32301323230?
-32301323223
In base 7, what is -562051 - -25?
-562023
In base 5, what is 3224 - 2122421?
-2114142
In base 15, what is 4 + -c049a5?
-c049a1
In base 2, what is 0 + 100001011101101000110001?
100001011101101000110001
In base 13, what is -374 - 1c2639?
-1c29b0
In base 9, what is -1215248 + 1588?
-1213550
In base 11, what is -32806912 + 12?
-32806900
In base 15, what is d91be7c - 1?
d91be7b
In base 12, what is 200 - -123512?
123712